{"id":83,"date":"2020-07-09T12:29:44","date_gmt":"2020-07-09T12:29:44","guid":{"rendered":"https:\/\/silke-siebert.de\/?page_id=83"},"modified":"2024-07-15T14:55:26","modified_gmt":"2024-07-15T14:55:26","slug":"impressum","status":"publish","type":"page","link":"https:\/\/silke-siebert.de\/?page_id=83","title":{"rendered":"Impressum"},"content":{"rendered":"\n<p>Angaben gem\u00e4\u00df \u00a7 5 Telemediengesetz<\/p>\n\n\n\n<p><strong>Vertreten durch: <\/strong><br>Silke Siebert<br>Mittlerer Bauernwaldweg 34a<br>70195 Stuttgart<br>Telefon\/Mobil: 0178 &#8211; 876 16 35<br>E-Mail: <a href=\"mailto:max@muster.de\">praxis@silke-siebert.de<\/a><br>Internetseite: www.silke-siebert.de<\/p>\n\n\n\n<p><strong>Berufsbezeichnung:<\/strong><br>Staatliche gepr\u00fcfte Heilpraktikerin eingeschr\u00e4nkt zugelassen f\u00fcr den Bereich Psychotherapie. Zulassung durch das Gesundheitsamt Stuttgart. <br>Heilkundliche T\u00e4tigkeit ist von der Umsatzsteuer nach gem\u00e4\u00df \u00a74 Nr.14 UStG befreit.<\/p>\n\n\n\n<p><strong>Aufsichtsbeh\u00f6rde:<\/strong><br>Landeshauptstadt Stuttgart, Amt f\u00fcr \u00f6ffentliche Ordnung <br><\/p>\n\n\n\n<p><strong>Haftungsausschluss: <\/strong><br>Diese Internetpr\u00e4senz dient ausschlie\u00dflich der allgemeinen Information. Sie kann und will keine gesundheitliche Beratung oder Behandlung ersetzen, da diese individuell und nach ausf\u00fchrlicher Untersuchung erfolgen m\u00fcssen.<\/p>\n\n\n\n<p>Die Inhalte dieser Website wurden sorgf\u00e4ltig gepr\u00fcft und nach bestem Wissen erstellt. Dennoch kann f\u00fcr die hier angebotenen Informationen&nbsp; kein Anspruch auf Vollst\u00e4ndigkeit, Aktualit\u00e4t, Qualit\u00e4t und Richtigkeit erhoben werden. Es kann dar\u00fcber hinaus keine Verantwortung f\u00fcr Sch\u00e4den \u00fcbernommen werden, die durch das Vertrauen auf die Inhalte dieser Website oder deren Gebrauch entsteht.<\/p>\n\n\n\n<p>Trotz sorgf\u00e4ltiger inhaltlicher Kontrolle \u00fcbernehmen wir keine Haftung f\u00fcr die Inhalte externer Links. F\u00fcr den Inhalt der verlinkten Seiten sind ausschlie\u00dflich deren Betreiber verantwortlich.<\/p>\n\n\n\n<p><strong>Inhaltlich Verantwortliche: <\/strong><br>Silke Siebert<\/p>\n","protected":false},"excerpt":{"rendered":"<p>Angaben gem\u00e4\u00df \u00a7 5 Telemediengesetz Vertreten durch: Silke SiebertMittlerer Bauernwaldweg 34a70195 StuttgartTelefon\/Mobil: 0178 &#8211; 876 16 35E-Mail: praxis@silke-siebert.deInternetseite: www.silke-siebert.de Berufsbezeichnung:Staatliche gepr\u00fcfte Heilpraktikerin eingeschr\u00e4nkt zugelassen f\u00fcr den Bereich Psychotherapie. Zulassung durch das Gesundheitsamt Stuttgart. Heilkundliche T\u00e4tigkeit ist von der Umsatzsteuer nach gem\u00e4\u00df \u00a74 Nr.14 UStG befreit. Aufsichtsbeh\u00f6rde:Landeshauptstadt Stuttgart, Amt f\u00fcr \u00f6ffentliche Ordnung Haftungsausschluss: Diese Internetpr\u00e4senz dient &hellip; <\/p>\n<p class=\"link-more\"><a href=\"https:\/\/silke-siebert.de\/?page_id=83\" class=\"more-link\"><span class=\"screen-reader-text\">\u201eImpressum\u201c<\/span> weiterlesen<\/a><\/p>\n","protected":false},"author":1,"featured_media":0,"parent":0,"menu_order":0,"comment_status":"closed","ping_status":"closed","template":"","meta":[],"_links":{"self":[{"href":"https:\/\/silke-siebert.de\/index.php?rest_route=\/wp\/v2\/pages\/83"}],"collection":[{"href":"https:\/\/silke-siebert.de\/index.php?rest_route=\/wp\/v2\/pages"}],"about":[{"href":"https:\/\/silke-siebert.de\/index.php?rest_route=\/wp\/v2\/types\/page"}],"author":[{"embeddable":true,"href":"https:\/\/silke-siebert.de\/index.php?rest_route=\/wp\/v2\/users\/1"}],"replies":[{"embeddable":true,"href":"https:\/\/silke-siebert.de\/index.php?rest_route=%2Fwp%2Fv2%2Fcomments&post=83"}],"version-history":[{"count":3,"href":"https:\/\/silke-siebert.de\/index.php?rest_route=\/wp\/v2\/pages\/83\/revisions"}],"predecessor-version":[{"id":106,"href":"https:\/\/silke-siebert.de\/index.php?rest_route=\/wp\/v2\/pages\/83\/revisions\/106"}],"wp:attachment":[{"href":"https:\/\/silke-siebert.de\/index.php?rest_route=%2Fwp%2Fv2%2Fmedia&parent=83"}],"curies":[{"name":"wp","href":"https:\/\/api.w.org\/{rel}","templated":true}]}}